 24.
20
Suppose 3*q + 0*q = 6. Suppose -4*w + 2*c - 400 = -w, q*w = -2*c - 250. Let z = w - -187. What is the remainder when z is divided by 15?
12
Suppose -r = 6*r + 889. Let x = -75 - r. Calculate the remainder when x is divided by 15.
7
What is the remainder when 36 is divided by 245/21 - (-2)/(-3)?
3
Suppose 4*i - 56 = -5*k, -2*i = -k - 3*k - 54. Calculate the remainder when 44 is divided by i.
6
Suppose 9*y + 30*y - 10881 = 0. What is the remainder when y is divided by 17?
7
Let z(g) = -36*g + 191. Calculate the remainder when 233 is divided by z(4).
45
Let c = 51 - 27. Suppose 3*w - 13 = 2*o, 21*o = 20*o + 1. What is the remainder when c is divided by w?
4
Suppose 226 = -5*h + 4*p - p, 3*p - 94 = 2*h. Let x = h - -73. Suppose 3*a - x = 4. What is the remainder when a is divided by 5?
1
Suppose 0 = 2*i - 1 - 9. Suppose -i*y = -10*y + 80. Suppose -25 = -k + 20. Calculate the remainder when k is divided by y.
13
Let w = -203 + 675. Suppose 0 = -4*t - 4*t + w. Calculate the remainder when t is divided by 13.
7
Suppose 3*j = 4*j - 2. Let s(k) = k + 12. Let p be s(-9). Suppose 0 = -2*z + 7 - p. Calculate the remainder when j is divided by z.
0
Let a(b) = 5*b**3 + 3*b**3 - b - 7*b**3 + 3 - 5*b**2. Calculate the remainder when a(6) is divided by 17.
16
Let i = 1874 + -1706. What is the remainder when i is divided by 82?
4
Let x(u) = 2*u**3 - u**2 - 77*u + 3. What is the remainder when x(8) is divided by 13?
9
Suppose -4*m = 4*y - 292, 3*y - 204 = -5*m + 5. What is the remainder when y is divided by 14?
8
Let l be (1 - 8)*(4 - 3). Let s(y) = y**2 - 2*y + 1. Calculate the remainder when s(l) is divided by 22.
20
Suppose -30 = 7*l - 2. Let n(w) = w + 12. Calculate the remainder when 15 is divided by n(l).
7
Let b(i) = 9*i**2 + 3*i - 2. Let z be b(2). Suppose -5*t - z = -9*t. Suppose t*s - 6*s = 60. What is the remainder when s is divided by 8?
7
Suppose -38*v - 853 = -3361. Calculate the remainder when 724 is divided by v.
64
Let u(q) = 4*q - 2*q + 2*q - 4 - 3*q. Let k(m) = -4*m + 13. Let j(o) = -3*k(o) - 8*u(o). Calculate the remainder when j(6) is divided by 4.
1
Let g be -9 - -6 - (-30)/2. Let m = 18 - 13. What is the remainder when (g/9)/(2/27) is divided by m?
3
Let p = 482 + -215. Calculate the remainder when p is divided by 16.
11
Let q(a) = -3*a - 2. Let x be q(2). Let l = 10 + x. Calculate the remainder when 6 is divided by l.
0
Suppose 69 = 2*r + 5*u, r - 5*r + 5*u + 63 = 0. Let h be 2*(-1)/2*-13. Let z = r - h. What is the remainder when 15 is divided by z?
6
Suppose -7*c + 22*c = -345. Suppose -43 = 3*z + 2*g, 0 = -4*z + 2*g + g - 29. Let j = z - c. Calculate the remainder when 34 is divided by j.
10
Let p be 2/7 + -57*(-7)/147. Suppose -3*f - p + 9 = 0, 2*r - 22 = 4*f. Calculate the remainder when r is divided by 5.
0
Suppose -4*t + 225 = 5*r, -5 = -9*r + 8*r. What is the remainder when 86 is divided by t?
36
Suppose 45 + 15 = 2*u. Suppose 0 = 2*x + 6 - 2. Calculate the remainder when u is divided by (-8)/(2/4*x*1).
6
Let w = 21 + 8. Calculate the remainder when w is divided by 16.
13
Suppose -1 = j - 4. Calculate the remainder when 22/44 - 10/(-4) is divided by j.
0
Let y = 16 - 10. Suppose -17*h = -14*h - 6. Suppose h*v + y = 5*v. Calculate the remainder when 4 is divided by v.
0
Suppose -5 = 5*s - 5*v - 20, -5*v + 17 = -s. Calculate the remainder when 22 is divided by s.
6
Let l be 1/(-2)*(-4 - -4). Suppose 2*u + 5*z - 73 = -l*u, -68 = -2*u - 4*z. What is the remainder when u is divided by 14?
10
Suppose -2*h + m = -3356, 5*h + 8*m = 5*m + 8379. Calculate the remainder when h is divided by 73.
71
Let b = 5 - 1. Let f(x) = 1 + 3*x - 2*x + 3*x + b. Calculate the remainder when 41 is divided by f(4).
20
Suppose -4 = 2*i - 6*i. Let a(b) = -2*b - 25. Let f be a(-16). Suppose f = -k + 8. Calculate the remainder when k is divided by i.
0
Let b = -663 - -679. What is the remainder when 202 is divided by b?
10
Let s = -50 + 54. Suppose -5*t - u = -40, 3*u - 7*u = s*t - 16. Calculate the remainder when 12 is divided by t.
3
Let x(i) = 49*i**2 - 8*i + 5. What is the remainder when x(1) is divided by 36?
10
Calculate the remainder when 799 is divided by 65/20 + -4 + (-166)/(-8).
19
Let l(a) = -2*a**3 - 5*a**2 - 11. What is the remainder when 278 is divided by l(-4)?
19
Let i(y) = -10*y - 446. Calculate the remainder when i(-48) is divided by 2.
0
Let g = 2095 + -1153. What is the remainder when g is divided by 59?
57
Let v(k) = k**2 + 7*k + 21. Suppose 5*w = 80 + 185. What is the remainder when w is divided by v(-5)?
9
Suppose 0 = 16*w - 15*w + 5. Let k(p) = p**3 + 4*p**2 - 2*p - 6. Let j be k(w). Let r = j + 42. What is the remainder when 41 is divided by r?
20
Let v be (-4)/((-4)/(-835)) + 0. Calculate the remainder when (-2)/((-157)/v - 11/55) is divided by 34.
31
Let o = -2 + 6. Suppose x + 3 = 2*i, -80*x = -5*i - 79*x + 12. Calculate the remainder when o*1 + 0/(-3) is divided by i.
1
Let h be -6*(44/(-12) - -3). Suppose y = -3*z - 2*y + 18, -h*z - 2*y = -20. What is the remainder when -4*((-37)/z - 0) is divided by 10?
7
Let i(v) = -v**3 + 6*v**2 + 4. Let f be i(6). Suppose -78 - 270 = -f*a. What is the remainder when a is divided by 22?
21
Suppose 5*c - 3*h = 6*c - 49, -211 = -4*c + 3*h. Calculate the remainder when 308 is divided by c.
48
Let b(d) = -17*d - 4. Calculate the remainder when b(-3) is divided by 10.
7
Suppose 5*g + 23 = -n - 0*g, 0 = 2*n - 4*g - 24. Suppose -n*k + 261 = 43. What is the remainder when k is divided by 14?
11
Suppose 0 = 3*q - q + 8. Calculate the remainder when (-3402)/(-28) + (-2)/q is divided by 25.
22
Suppose i - 112 = -3*j + 46, -2*j - 688 = -4*i. Calculate the remainder when i is divided by 31.
15
Let i(y) = 16*y**2 + 19*y + 69. What is the remainder when i(-5) is divided by 15?
14
Suppose -16*h - 464 = -24*h. Suppose 2*o + a = 62, 2*o + 5*a = h + 4. What is the remainder when o is divided by 14?
3
Let z(y) = -34*y - 3. Suppose 4*x = -i + 21, 5*i + 0*i - 5 = 0. Suppose x*p = 7 + 33. Calculate the remainder when z(-1) is divided by p.
7
Suppose 3*o + 91 = 10*o. Let j(r) = 8*r + 1. Let m be 6/(-9) + (-60)/(-9). Calculate the remainder when j(m) is divided by o.
10
Suppose -7*r + r = -12. Suppose -3*j = -r*j - 29. What is the remainder when 86 is divided by j?
28
Let s(a) = -a + 15. Let u be s(12). Let k(v) = -3*v + 0*v**3 - 11*v**3 + 0*v**u + v**2 + 4*v. What is the remainder when k(-1) is divided by 7?
4
Let b(w) = -w**2 - 12*w + 11. Let p be ((-2)/4)/(6/156). Let o be b(p). What is the remainder when (-44)/(-6)*(-3)/o is divided by 3?
2
Let d be (-34)/85 - 17/(-5). Suppose 0 = d*q + 4*q - 483. Calculate the remainder when q is divided by 18.
15
Let o(r) = r**3 + 5*r**2 - 8*r - 12. Calculate the remainder when 894 is divided by o(-5).
26
What is the remainder when 1*(-5)/10*(-126)/1 is divided by 22?
19
Suppose 11*c - 9*c - 284 = 0. Calculate the remainder when c is divided by 13.
12
Let a(w) = 6*w + 258. Suppose 0 = -c + 50 + 19. What is the remainder when c is divided by a(-40)?
15
Let d = -37 - -150. Calculate the remainder when 1/(-1 - -2) + d is divided by 29.
27
Let f = 477 - 466. Calculate the remainder when 131 is divided by f.
10
Let n(o) = -41*o - 33. What is the remainder when n(-4) is divided by 6?
5
Suppose 2 = 2*b - 4. Let q = b + -1. Suppose -z + 5*n = -35, -55 = -5*z + 3*n - q*n. What is the remainder when 17 is divided by z?
7
Let v(l) = l**3 - 20*l**2 - 7*l + 13. Let o be v(20). Let k = -111 - o. Calculate the remainder when 27 is divided by k.
11
Let d(v) be the third derivative of -v**6/24 - v**5/60 - v**4/6 - v**3/2 - 4*v**2. What is the remainder when d(-2) is divided by 36/(-198) - 246/(-22)?
8
Suppose 1820 = 24*t + 28*t. What is the remainder when 276 is divided by t?
31
Suppose 187*w - 183*w - 296 = 0. Calculate the remainder when w is divided by 10.
4
Calculate the remainder when 24*66/(-18)*(-3)/4 is divided by 43.
23
Let r(h) = 14*h + 13. Let w be r(4). Suppose w = 3*u - 3*m, 5*u - m = -64 + 175. Calculate the remainder when u is divided by 12.
10
Let v = -2045 + 2057. What is the remainder when (-2*2)/((-2)/20) is divided by v?
4
Let g(f) = 3*f**3 - f**2 - 2*f + 2. Suppose -i - 7 = 5*d - 11, -5*i = 3*d - 130. Calculate the remainder when i is divided by g(2).
11
Suppose -1